- 7/((-28)/12). Let c(g) = g**2 - 5*g + 1. Give c(o).
7
Let z = -71 + 74. Let g(c) = -168*c + 6*c**2 - 4*c**3 + z*c**3 - 4 + 167*c. Determine g(5).
16
Let j(c) = 16*c + 2. Let t(m) = -18*m - 3. Let l(o) = -6*j(o) - 5*t(o). What is l(4)?
-21
Let x(f) = -3*f**2 + 38 + 3*f**3 - 2*f - 2*f**3 - 37. Let a(n) = 4 - 4*n - 3 + 3 - 5. Let d be a(-1). Calculate x(d).
-5
Let a(t) be the first derivative of -t**4/8 + t**3/3 - 10*t**2 + 29. Let c(k) be the second derivative of a(k). Calculate c(6).
-16
Let a(s) = -4*s - 80. Let v be a(-20). Let n(x) be the third derivative of 7*x**2 + 1/6*x**3 + v + 1/24*x**4 + 0*x. Determine n(-3).
-2
Let q(o) be the second derivative of 3*o**2 + 5/12*o**4 + 2*o + 0 + 1/3*o**3. Let m(w) be the first derivative of q(w). What is m(-2)?
-18
Suppose 2*g = -3*g + 20. Suppose -a = 2*k + 4, -5*k + 4*k - 9 = g*a. Let z(u) = -2*u**2 - 3*u - 2. Determine z(a).
-4
Let r(z) = -5*z**2 + 7*z - 7*z**2 + 5 - 4 + z**3 + 4*z**2. Let k be r(7). Let b(s) = 6*s**2 + 1. Determine b(k).
7
Let p(k) = k - 1. Let x be (-60)/(-18)*6/5. Let s be (-45)/35 - x/(-14). Let u(l) = 7*l - 8. Let m(b) = s*u(b) + 5*p(b). What is m(2)?
-1
Let k(t) be the third derivative of -t**2 + t**3 - 1/12*t**4 + 0*t + 5. What is k(5)?
-4
Let d(n) be the second derivative of n**3/6 + n**2 - 1634*n. Let q be -1 - (-2 - (-1 + -1)). Give d(q).
1
Let o(u) = -u**2 - 5*u - 7. Let l(k) = k**2 - 9*k + 2. Let w be l(9). Let y = -13 + 6. Let s = y + w. Determine o(s).
-7
Let z(s) be the second derivative of s**5/60 - 5*s**4/12 + s**3/2 + 11*s**2/2 + 5*s. Let d(v) be the first derivative of z(v). Give d(9).
-6
Let x(a) = -a + 6. Let w = -272 - -282. Calculate x(w).
-4
Let o(b) be the second derivative of b**4/12 - 17*b**3/6 + 3*b**2/2 - b - 578. Give o(9).
-69
Suppose c + x - 15 + 18 = 0, -23 = c + 5*x. Let s(l) be the second derivative of 1/12*l**4 - 7/2*l**c - 5/6*l**3 + 7*l + 0. Give s(6).
-1
Suppose -5*h = -5*o - 5, 4*o - 5*h + 2*h = -1. Let w(l) = -3*l - 10 + o*l**2 + 20 - 8. Let x be (-3)/(-2 - 1) - -1. Calculate w(x).
4
Let y(w) = 4*w**3 + w**3 - 1 + 6 - 4 - w**2 + 3*w**3. What is y(1)?
8
Suppose 0 = -2*i - 3*u + 7*u + 12, 20 = -4*u. Let x(q) = q**3 + 5*q**2 + 4*q + 4. Calculate x(i).
4
Let k(d) = d**2 - 5*d - 2. Let u(p) = -5*p**2 + 26*p + 10. Let y(m) = 11*k(m) + 2*u(m). Let o = 12 + -1. Let h = o + -6. Calculate y(h).
8
Let z be 0 - 1/(-3) - 217/3. Let c = z + 77. Let u(i) = -i**3 + 6*i**2 - 3*i - 2. Calculate u(c).
8
Let b(f) = -f**3 - 3*f**2 - f - 4. Suppose -216 = -3*i + i. Let p be (i/16)/((-3)/(-12)). Suppose 7*s + 5*r + 24 = 4*s, 5*s + p = -4*r. What is b(s)?
-1
Let o(b) = 1. Let h(j) be the second derivative of -3*j**2 + 11*j. Let l(d) = h(d) + 5*o(d). Let c(v) = -2*v - 7. Let f(r) = -c(r) + 4*l(r). Determine f(-2).
-1
Let l(g) = -g + 5*g**2 - 8 + 5*g + 9*g - 8*g - g**3 + 6*g. Give l(7).
-29
Let c(m) = 5*m + 2. Suppose -n + 3*f = 1 + 1, -4*n + 18 = f. What is c(n)?
22
Let q(t) = -3*t**2 - 5*t + 4. Let d be q(0). Let m(b) = 2*b + 7. Calculate m(d).
15
Let x(d) = -d + 4. Let i = 110 + -111. Let n be i - 20/(-4)*1. Calculate x(n).
0
Let h(b) = -b - 15. Let y(k) = 5*k + 64. Let j(f) = -4*h(f) - y(f). Let t(z) = 2*z**2 - 2*z + 2. Let v be t(2). Let g = v + -8. Calculate j(g).
-2
Let s(u) = u**3 - 7*u**2 + u - 2. Suppose -15 = -4*r + 9. What is s(r)?
-32
Let l(n) = n**2 - n**3 + 4*n - 97 + 3*n**2 - 5*n + 96. What is l(3)?
5
Let c be (-1 - -1)/((-3)/1). Let g(r) = 1 + 2*r + c*r - 2 + 3*r. Give g(-3).
-16
Let b(w) = -2*w**3 - 8*w**2 + 8. Let k(c) = 3*c**3 + 15*c**2 + c - 14. Let q(g) = -5*b(g) - 3*k(g). Calculate q(5).
-13
Let h be (-74)/10 + 2/5. Let f(b) = -8 + 1 + 2*b - 5*b - 4 + 4. Give f(h).
14
Let x(s) = -s**3 + 80*s**2 - 83*s + 316. Let z be x(79). Let w(g) = g**2 + g + 67. Determine w(z).
67
Let r(p) be the third derivative of 7*p**4/12 - p**3/6 - 281*p**2. Determine r(-1).
-15
Suppose -o + 3 - 1 = 0. Let z(r) = -4 + 6*r**o + 0*r**2 - 8*r**3 + 2*r + 7*r**3 - 8*r. Calculate z(5).
-9
Suppose 5*z = 97 + 3. Suppose -23 = 2*r - 3*x, -6*x + x - z = 5*r. Let y = 9 + r. Let u(p) = -6*p + 1. Give u(y).
-11
Let u(l) = -2*l**2 - 13*l + 61. Let g(r) = r**2 + 6*r - 28. Let d(m) = 13*g(m) + 6*u(m). Let f be 1/(-2)*-2 - 1. Determine d(f).
2
Suppose -35 = 2*s - 7*s - 4*y, -5 = -y. Let a(m) be the third derivative of -2/3*m**s + 0*m - 1/30*m**5 - 1/6*m**4 + 0 - 5*m**2. Calculate a(-3).
-10
Let i(p) be the second derivative of p**5/20 + p**4/4 + p**2 + 2*p. Let m be 2*(-2)/8*24. Let f be ((-6)/m)/(1/(-6)). Give i(f).
2
Let v(g) = g**2 + 6*g + 6. Let t be (((-18)/4)/3 + 1)*12. Let w(i) = i - 11. Let s be w(0). Let k = s - t. What is v(k)?
1
Suppose 5*l - 5 = -p, -4*l = 4*p - 11 - 9. Let s(t) = -4*t + 3. Let q(w) = 12*w - 8. Let y(i) = p*q(i) + 14*s(i). Calculate y(-2).
-6
Suppose 3*x - 5*x = -6. Let h(q) = 4 + 3*q**3 + 6*q**2 + 0*q**2 - 2*q**3 - 2*q**x - 8*q. Give h(5).
-11
Let p(c) = -5 + 2*c + 1 + 2*c - 3*c. Suppose 0 = 3*o - 0*g + 5*g - 13, -40 = 5*o - 4*g. Give p(o).
-8
Let u(j) = 5 - 4 + j + 1. Let r = 29 + -32. Give u(r).
-1
Let n(x) be the first derivative of x**3 - x + 652. Suppose -2*m + 2*a - 11 = -m, 0 = 3*m + 4*a - 7. Give n(m).
26
Let a(g) = g**3 - 11*g**2 - 11*g - 8. Suppose 4*s - 2 - 6 = 0. Suppose 3*l - j - 63 = -2*l, -s*l + j = -27. What is a(l)?
4
Let c(s) = -s**2 + 7*s - 8. Let y = -33 + 37. Suppose 0*o - y*o = -12. Suppose f + j + 3*j - 6 = 0, o*f = 4*j + 18. Give c(f).
-2
Let y(d) = d**3 - 5*d**2 + 4*d + 1. Let h(g) = 4*g - 88. Let u be h(23). Determine y(u).
1
Let w be (2 - 1)/((-22)/(-66)). Let g = -9 - -12. Let t(a) = 0*a - a - 1 + g*a + a. Determine t(w).
8
Suppose -2*z + 3*n - 5 = -22, 3*n + 13 = -2*z. Let r(c) = 22*c**3 + 2*c - 1. Calculate r(z).
23
Let b(c) be the first derivative of -c**3/3 + 2*c**2 + 9*c - 50. Determine b(5).
4
Let z(s) = -2*s - 2. Let f(m) be the second derivative of -5*m**3/6 - 7*m**2 - 5*m. Let c be f(-8). Suppose 3*k + c = 5*i, -2 = 3*k + 2*k + 2*i. Give z(k).
2
Let v(c) = -2*c + 10. Suppose 40*m + 171 - 451 = 0. Calculate v(m).
-4
Let r(c) = -2*c**2 + 2*c - 2. Let n(y) = 3*y**2 - 3*y + 1. Let p(d) = -3*n(d) - 4*r(d). Let k be (10/8)/(3/144*12). Calculate p(k).
-15
Let v(u) = -2*u**3 + u**2 - u. Let p(n) = -n**2 - 11*n - 14. Let a be p(-9). Suppose 0 = -3*w + 4*j - 13, 0 + 20 = 4*w + a*j. Give v(w).
-2
Suppose 0 = 2*a + 4*s + 4, -3*a + 7*s = 3*s + 6. Let y(m) = 3*m**2 + 3*m - 1. Let d be y(a). Let z(j) = j**3 - 4*j**2 - j - 1. Calculate z(d).
19
Let t(u) = -2*u**2 + 9*u - 5. Suppose -12 = -6*d + 3*d. Let c be t(d). Let j(q) = 0*q**3 + 5*q**3 + 2*q**3. Calculate j(c).
-7
Let u be (-43)/9 - (-2)/(-9). Let f(m) = -m + 8. Let j be f(6). Let v(p) = 5*p**j - 6 + 3 + p**3 - 1 - 2*p. Determine v(u).
6
Let g(j) = j**2 + 16*j - 39. Let y = -1272 - -1254. Determine g(y).
-3
Let a(k) = -2*k - 2. Let o be -5 - -12 - (5 + -3). Determine a(o).
-12
Let k(z) = 31*z - 73. Let f(n) = -30*n + 58. Let q(a) = 5*f(a) + 4*k(a). Give q(-1).
24
Let p(f) = -f**3 + 6*f**2 - f - 1. Let b be ((-2)/(-4)*-2)/(2/(-4)). Let a(u) = 3*u**2 - 3*u. Let i be a(b). Give p(i).
-7
Let c(a) = a**3 - 10*a**2 + 11*a - 8. Let o be c(9). Let r(t) = -t**3 + 11*t**2 - 9*t - 9. What is r(o)?
1
Let l(a) = a**3 + 7*a**2 + 7*a + 5. Let g = -7 - -4. Let o(w) = w**3 + 4*w**2 - w - 2. Let x be o(g). Let m(z) = -2*z + 14. Let s be m(x). Calculate l(s).
-1
Let v(w) = -5*w + 8. Let k(u) = u. Let c(b) = 4. Let n(y) = -c(y) + 2*k(y). Let d(z) = 5*n(z) + 3*v(z). Calculate d(5).
-21
Let q(p) = -3*p + 3. Suppose 0 = -7*b - 30 + 156. Let u = 24 - b. Suppose -u*k + 15 + 3 = 0. Calculate q(k).
-6
Let r(a) = 0 + 9*a + 759*a**2 + 1 - 760*a**2. Determine r(7).
15
Let y(o) = 5*o**2 + 4*o - 1. Suppose 7 = -3*g - 2*h, 10 = 5*g - 51*h + 50*h. Calculate y(g).
8
Let r(s) = -8*s + 7 - 5 - 5 - 2 + 4. Determine r(5).
-41
Let z(f) = -5*f**3 + 2*f**2 + 2*f + 1. Let k(w) = -4*w**3 + 2*w**2 + 3*w + 2. Let o = 72 + -69. Let v(q) = o*z(q) - 2*k(q). Determine v(-1).
8
Let z(h) = -2*h - 64. Suppose -4*k - 3*r - 144 = 0, -7*k + 5*k - 54 = -3*r. Calculate z(k).
2
Let p(z) = 10*z - z + z + z - 7 - 6*z. Calculate p(2).
3
Let s(l) = 2*l**3 - l**2 - 2*l + 1. Let q = -263 + 261. Determine s(q).
-15
Let h(p) = -19*p - 101 + 72 + 20*p. Calculate h(26).
-3
Let d(j) = -3*j**2 + 5*j - 4. Let y be 252/(-5) + (-2 - (-60)/25). Let